 the hundreds digit of 903?
9
What is the tens digit of 1852?
5
What is the units digit of 3973?
3
What is the tens digit of 18406?
0
What is the tens digit of 166795?
9
What is the thousands digit of 10247?
0
What is the units digit of 8841?
1
What is the hundreds digit of 342?
3
What is the units digit of 5465?
5
What is the tens digit of 3755?
5
What is the thousands digit of 6633?
6
What is the ten thousands digit of 14781?
1
What is the units digit of 1713?
3
What is the hundreds digit of 1620?
6
What is the hundreds digit of 121020?
0
What is the ten thousands digit of 12886?
1
What is the units digit of 1867?
7
What is the units digit of 480?
0
What is the tens digit of 1948?
4
What is the thousands digit of 2650?
2
What is the thousands digit of 7645?
7
What is the hundreds digit of 491?
4
What is the hundreds digit of 19636?
6
What is the thousands digit of 6053?
6
What is the thousands digit of 47012?
7
What is the ten thousands digit of 50616?
5
What is the tens digit of 1343?
4
What is the thousands digit of 5489?
5
What is the ten thousands digit of 19215?
1
What is the thousands digit of 26416?
6
What is the thousands digit of 24483?
4
What is the units digit of 1264?
4
What is the tens digit of 2074?
7
What is the ten thousands digit of 42387?
4
What is the units digit of 684?
4
What is the hundreds digit of 171?
1
What is the thousands digit of 4399?
4
What is the tens digit of 737?
3
What is the units digit of 5928?
8
What is the hundreds digit of 20795?
7
What is the thousands digit of 50689?
0
What is the units digit of 8776?
6
What is the thousands digit of 42096?
2
What is the units digit of 25744?
4
What is the tens digit of 12466?
6
What is the thousands digit of 74072?
4
What is the hundreds digit of 802?
8
What is the thousands digit of 17745?
7
What is the thousands digit of 1300?
1
What is the hundreds digit of 209?
2
What is the units digit of 788?
8
What is the tens digit of 249?
4
What is the units digit of 6456?
6
What is the hundreds digit of 1557?
5
What is the hundreds digit of 25711?
7
What is the hundreds digit of 813?
8
What is the thousands digit of 156734?
6
What is the tens digit of 2207?
0
What is the hundreds digit of 3733?
7
What is the thousands digit of 52537?
2
What is the thousands digit of 1206?
1
What is the thousands digit of 30401?
0
What is the units digit of 38316?
6
What is the hundreds digit of 3867?
8
What is the tens digit of 150926?
2
What is the hundreds digit of 5018?
0
What is the thousands digit of 2723?
2
What is the tens digit of 409?
0
What is the hundreds digit of 1071?
0
What is the units digit of 1609?
9
What is the units digit of 7061?
1
What is the hundreds digit of 1962?
9
What is the thousands digit of 2550?
2
What is the hundreds digit of 16702?
7
What is the units digit of 6292?
2
What is the units digit of 11932?
2
What is the thousands digit of 27917?
7
What is the tens digit of 2306?
0
What is the tens digit of 9081?
8
What is the tens digit of 9128?
2
What is the units digit of 1325?
5
What is the hundreds digit of 6185?
1
What is the units digit of 2581?
1
What is the hundreds digit of 2002?
0
What is the units digit of 2255?
5
What is the thousands digit of 1167?
1
What is the ten thousands digit of 11254?
1
What is the thousands digit of 1405?
1
What is the tens digit of 35556?
5
What is the hundreds digit of 854?
8
What is the units digit of 4876?
6
What is the thousands digit of 13016?
3
What is the tens digit of 7581?
8
What is the tens digit of 119976?
7
What is the units digit of 931?
1
What is the hundreds digit of 32092?
0
What is the units digit of 759?
9
What is the units digit of 681?
1
What is the hundreds digit of 22044?
0
What is the tens digit of 840?
4
What is the units digit of 2247?
7
What is the tens digit of 5106?
0
What is the thousands digit of 1390?
1
What is the hundred thousands digit of 168949?
1
What is the units digit of 3876?
6
What is the hundreds digit of 3203?
2
What is the units digit of 122309?
9
What is the thousands digit of 48037?
8
What is the hundred thousands digit of 107470?
1
What is the ten thousands digit of 35733?
3
What is the hundreds digit of 39146?
1
What is the units digit of 1895?
5
What is the units digit of 5396?
6
What is the units digit of 15673?
3
What is the thousands digit of 1060?
1
What is the tens digit of 1253?
5
What is the thousands digit of 1548?
1
What is the units digit of 90374?
4
What is the thousands digit of 2733?
2
What is the units digit of 3132?
2
What is the hundreds digit of 4376?
3
What is the units digit of 5453?
3
What is the tens digit of 1534?
3
What is the tens digit of 9068?
6
What is the tens digit of 1591?
9
What is the thousands digit of 6498?
6
What is the hundreds digit of 165899?
8
What is the tens digit of 2270?
7
What is the units digit of 45659?
9
What is the units digit of 149?
9
What is the hundreds digit of 15893?
8
What is the thousands digit of 11057?
1
What is the thousands digit of 1387?
1
What is the thousands digit of 93542?
3
What is the hundreds digit of 3539?
5
What is the thousands digit of 87156?
7
What is the units digit of 1027?
7
What is the units digit of 8886?
6
What is the units digit of 97490?
0
What is the units digit of 51012?
2
What is the units digit of 27735?
5
What is the units digit of 80752?
2
What is the tens digit of 58341?
4
What is the units digit of 316?
6
What is the thousands digit of 16143?
6
What is the hundreds digit of 9611?
6
What is the thousands digit of 6336?
6
What is the units digit of 101613?
3
What is the units digit of 85244?
4
What is the hundreds digit of 33535?
5
What is the tens digit of 1423?
2
What is the units digit of 654?
4
What is the hundreds digit of 30533?
5
What is the hundreds digit of 462?
4
What is the tens digit of 2984?
8
What is the thousands digit of 1736?
1
What is the thousands digit of 41357?
1
What is the hundreds digit of 16084?
0
What is the tens digit of 742?
4
What is the units digit of 4342?
2
What is the units digit of 2268?
8
What is the hundred thousands digit of 102698?
1
What is the tens digit of 863?
6
What is the tens digit of 2832?
3
What is the thousands digit of 12144?
2
What is the thousands digit of 4083?
4
What is the units digit of 1776?
6
What is the hundreds digit of 1365?
3
What is the units digit of 18993?
3
What is the hundreds digit of 3108?
1
What is the thousands digit of 8359?
8
What is the ten thousands digit of 26549?
2
What is the tens digit of 457?
5
What is the units digit of 4888?
8
What is the tens digit of 1123?
2
What is the hundreds digit of 511?
5
What is the tens digit of 46488?
8
What is the tens digit of 17406?
0
What is the thousands digit of 126583?
6
What is the tens digit of 740?
4
What is the thousands digit of 1068?
1
What is the units digit of 852?
2
What is the units digit of 12492?
2
What is the units digit of 2247?
7
What is the tens digit of 5494?
9
What is the hundreds digit of 53357?
3
What is the units digit of 1278?
8
What is the units digit of 485?
5
What is the tens digit of 17866?
6
What is the units digit of 9773?
3
What is the tens digit of 27422?
2
What is the units digit of 324?
4
What is the units digit of 21853?
3
What is the thousands digit of 9017?
9
What is the tens digit of 167?
6
What is the tens digit of 35533?
3
What is the units digit of 4688?
8
What is the units digit of 669?
9
What is the hundreds digit of 1029?
0
What is the thousands digit of 108121?
8
What is the units digit of 5526?
6
What is the hundreds digit of 4571?
5
What is the thousands digit of 2276?
2
What is the tens digit of 58150?
5
What is the units digit of 5616?
6
What is the hundreds digit of 3570?
5
What is the hundreds digit of 4725?
7
What is the units digit of 15071?
1
What is the units digit of 814?
4
What is the units digit of 949?
9
What is the units digit of 15161?
1
What is the tens digit of 56758?
5
What is the units digit of 2002?
2
What is the thousands digit of 7655?
7
What is the units digit of 29884?
4
What is the hundreds digit of 11408?
4
What is the hundreds digit of 1738?
7
What is the tens digit of 28?
2
What is the hundreds digit of 12193?
1
What is the hundreds digit of 123684?
6
What is the hundreds digit of 4729?
7
What is the hu